e 14, what is -1 - -6d?
6c
In base 15, what is 29a + 2?
29c
In base 11, what is -80a + -1?
-810
In base 6, what is 3 - 121?
-114
In base 8, what is 3774 - 6?
3766
In base 7, what is -5 - -21101?
21063
In base 12, what is -5 - 26?
-2b
In base 8, what is -7 + -7?
-16
In base 9, what is 0 + 207?
207
In base 16, what is 3 - 1ed?
-1ea
In base 15, what is -e + -1?
-10
In base 15, what is -43 - -6?
-3c
In base 10, what is -10 - 81?
-91
In base 2, what is -1011101110 - -1?
-1011101101
In base 7, what is 4500 + 1?
4501
In base 6, what is 51 - 132?
-41
In base 4, what is 103000 + 3?
103003
In base 9, what is 266 + 10?
276
In base 12, what is -3b - 19?
-58
In base 5, what is -13210 + -3?
-13213
In base 3, what is -2 + -110002?
-110011
In base 7, what is 2215 - -10?
2225
In base 16, what is 29 - -3?
2c
In base 16, what is 27 - a?
1d
In base 3, what is -102102 - -100?
-102002
In base 5, what is 2321 - -11?
2332
In base 5, what is -1443 - 0?
-1443
In base 5, what is -3 + -11000?
-11003
In base 6, what is -5 - 33?
-42
In base 3, what is -10 + 110?
100
In base 15, what is 3 - -1?
4
In base 6, what is 5 - 42?
-33
In base 12, what is -2007 + -5?
-2010
In base 8, what is -276 + 15?
-261
In base 4, what is -12 - -110211?
110133
In base 13, what is -27 + -13a?
-164
In base 5, what is 2 - -432?
434
In base 8, what is -27 - 15?
-44
In base 8, what is -427 - 5?
-434
In base 6, what is 3 - 220?
-213
In base 8, what is 3101 + -4?
3075
In base 15, what is 5 - 33a?
-335
In base 3, what is 111 + -122101?
-121220
In base 15, what is 5 + -415?
-410
In base 4, what is -11 - 11?
-22
In base 15, what is 16 + 2?
18
In base 15, what is 1e - -3?
22
In base 16, what is 5 + 600?
605
In base 16, what is -8 + -21?
-29
In base 7, what is 10 - -366?
406
In base 10, what is -1230 + -1?
-1231
In base 13, what is -7b9 - 3?
-7bc
In base 7, what is -1120 - 0?
-1120
In base 8, what is 5 - 472?
-465
In base 8, what is -14174 + 5?
-14167
In base 7, what is -10 + 4144?
4134
In base 12, what is 23 - 4?
1b
In base 14, what is -109 + 2?
-107
In base 12, what is -52 - 2a9?
-33b
In base 14, what is 3d44 - -5?
3d49
In base 15, what is 2 + 1a?
1c
In base 9, what is 32 - -10?
42
In base 2, what is 100 + -1001000?
-1000100
In base 4, what is 32321 + 0?
32321
In base 15, what is 3c2 + 3?
3c5
In base 15, what is -973 - -9?
-969
In base 8, what is 273 - 3?
270
In base 2, what is -10000001110 + -10?
-10000010000
In base 16, what is 1 + -162?
-161
In base 2, what is 10001 - -10010?
100011
In base 11, what is -48 - 0?
-48
In base 11, what is -169 + 16?
-153
In base 16, what is 4 + -ab?
-a7
In base 16, what is -28 - -a5?
7d
In base 11, what is -400 + -5?
-405
In base 13, what is 1 + 657?
658
In base 11, what is -44 + -5?
-49
In base 15, what is -3530 + 3?
-352c
In base 15, what is -3 + 757?
754
In base 11, what is -1 - -2527?
2526
In base 16, what is -a1d - 2?
-a1f
In base 12, what is -64 - -8?
-58
In base 5, what is -10 + -1103?
-1113
In base 3, what is -2121111 - -2?
-2121102
In base 2, what is -10000 + 100011?
10011
In base 2, what is 1000011001010 + -11?
1000011000111
In base 4, what is 1 + 1032?
1033
In base 14, what is -6 - -49?
43
In base 16, what is -20a + -4?
-20e
In base 3, what is -11 + 11111?
11100
In base 2, what is 100100001 - 11010?
100000111
In base 10, what is -7 + 2?
-5
In base 16, what is -4 + 346?
342
In base 8, what is 0 + 171?
171
In base 16, what is 0 - 2b6?
-2b6
In base 14, what is -c + -17?
-25
In base 2, what is 1000001001101 - -10?
1000001001111
In base 15, what is 1 - 1b9?
-1b8
In base 3, what is -2020200 + -2?
-2020202
In base 6, what is -21233 - 1?
-21234
In base 11, what is -4128 - -1?
-4127
In base 14, what is 2 - 4d7?
-4d5
In base 7, what is -4613 - 2?
-4615
In base 16, what is 0 + -186?
-186
In base 7, what is 53 - 4?
46
In base 8, what is 117 + 5?
124
In base 6, what is 22 - 2242?
-2220
In base 14, what is -69 + -1?
-6a
In base 8, what is -2 - -241?
237
In base 6, what is 1144 + 2?
1150
In base 6, what is -351 - -23?
-324
In base 13, what is 2 - -106?
108
In base 2, what is 1100000 - 1101?
1010011
In base 14, what is 0 + 30?
30
In base 3, what is -12 - -12100?
12011
In base 14, what is -43 + 3?
-40
In base 7, what is -342 - -4?
-335
In base 8, what is 33757 - 5?
33752
In base 9, what is 10 + -137?
-127
In base 10, what is 222 + -5?
217
In base 15, what is 4 - 8a?
-86
In base 11, what is -23 + -3?
-26
In base 3, what is 11 + -11101?
-11020
In base 16, what is -440 + 4?
-43c
In base 5, what is 1420 - 4?
1411
In base 15, what is -296 + -2?
-298
In base 10, what is 169 - 19?
150
In base 3, what is -1 - -2111220?
2111212
In base 9, what is -25775 + 1?
-25774
In base 13, what is -535 + -1?
-536
In base 4, what is 3221 - -1?
3222
In base 15, what is -4 + 16d?
169
In base 2, what is -1001111000 - -1?
-1001110111
In base 13, what is -2 + -37?
-39
In base 14, what is -847 - -4?
-843
In base 7, what is -4 + -1452?
-1456
In base 13, what is 12c - 4?
128
In base 11, what is -a + -18?
-27
In base 7, what is 1 - 33?
-32
In base 2, what is 1 - 10101?
-10100
In base 9, what is 750 - -2?
752
In base 13, what is 3 + -1946?
-1943
In base 16, what is 3 - -2b6?
2b9
In base 12, what is -188 + 3?
-185
In base 13, what is 5 - 48?
-43
In base 6, what is -3 + -2?
-5
In base 2, what is 101 - -101110011?
101111000
In base 4, what is 10231 + 2?
10233
In base 16, what is -32 - 1d?
-4f
In base 9, what is 1646 - -2?
1648
In base 10, what is -201 + 3?
-198
In base 16, what is -4 + -2?
-6
In base 15, what is 54 - 57?
-3
In base 5, what is 11 + -122?
-111
In base 8, what is -724 + 2?
-722
In base 5, what is 10 + 334?
344
In base 16, what is 2a + 8?
32
In base 2, what is -100100010111101 + 101?
-100100010111000
In base 8, what is -1010 - 0?
-1010
In base 13, what is 2 + -a0?
-9b
In base 6, what is -1 - 5?
-10
In base 2, what is -10011111010 + -11?
-10011111101
In base 13, what is -452 + -5?
-457
In base 10, what is 5 - -1998?
2003
In base 9, what is 5 + 8?
14
In base 8, what is -2 - -3110?
3106
In base 8, what is -53 - -10?
-43
In base 2, what is 11001000111 + 101?
11001001100
In base 16, what is 5c - -36?
92
In base 7, what is -40200 + -3?
-40203
In base 14, what is 11 + -108?
-d7
In base 2, what is -11 - 10010101111?
-10010110010
In base 14, what is -125 + 4?
-121
In base 14, what is 63 + 15?
78
In base 2, what is 1 - -10110000?
10110001
In base 14, what is 7 + 59?
62
In base 3, what is -11 + 202011?
202000
In base 12, what is 2 + 1135?
1137
In base 14, what is 20 - -19?
39
In base 16, what is 68 - -23?
8b
In base 8, what is 602 + -1?
601
In base 9, what is 0 + -28?
-28
In base 16, what is -10 + 271?
261
In base 3, what is -220 + -21?
-1011
In base 9, what is -30 + -28?
-58
In base 10, what is -1 - 516?
-517
In base 2, what is -100011101100 + -1?
-100011101101
In base 7, what is 0 - -20323?
20323
In base 12, what is 580 - -4?
584
In base 9, what is 5 - 201?
-185
In base 14, what is 5 - -a?
11
In base 14, what is -da - 1a?
-116
In base 13, what is -5 - -b36?
b31
In base 10, what is 4 - -12?
16
In base 7, what is 0 - -120?
120
In base 4, what is 3 + 1112?
1121
In base 4, what is 2002 - 1?
2001
In base 8, what is -2 - 66?
-70
In base 14, what is 0 - -b?
b
In base 10, what is 3 - -43?
46
In base 2, what is 10 + 11110010101?
11110010111
In base 9, what is -171 + 5?
-165
In base 10, what is -431 - 2?
-433
In base 12, what is -648 - 1?
-649
In base 6, what is 5 + -4544?
-4535
In base 12, what is 121 + 1?
122
In base 8, what is -13 - 141?
-154
In base 7, what is 2601 - -4?
2605
In base 8, what is 1 + 62?
63
In base 7, what is 61 - -4?
65
In base 14, what is 10 + 5?
15
In base 15, what is -1ed2 - 4?
-1ed6
In base 12, what is 0 - -72?
72
In base 4, what is -2 + 1330?
1322
In base 15, what is -28e0 + 4?
-28db
In base 11, what is -116 + 2?
-114
In base 11, what is 5 - 0?
5
In base 12, what is -4 + -2257?
-225b
In base 14, what is d + -18c?
-17d
In base 4, what is 2 - 3333?
-3331
In base 2, what is 1111011100 - 100?
1111011000
In base 8, what is -270 - 2?
-272
In base 15, what is -2 - -886?
884
In base 16, what is -1a - -1f?
5
In base 4, what is -13 - -200?
121
In base 7, what is -10364 + 0?
-10364
In base 8, what is 71 - 5?
64
In base 4, what is -1 - 203?
-210
In base 13, what is 11a - -5?
122
In base 6, what is -211